0. Calculate the highest common divisor of b and 4.
4
Let q be (-950)/15*(6 + 6 + 324). Let a be ((-3)/(-2))/((-84)/q). What is the greatest common factor of 20 and a?
20
Suppose -17*b = -44*b + 4860. Calculate the greatest common factor of b and 72.
36
Suppose -b - 3*i = 726 - 732, -3*b = -5*i - 18. What is the greatest common divisor of 6078 and b?
6
Suppose 68*w + 79*w = 7*w + 980. What is the highest common divisor of 18613 and w?
7
Suppose 5*p = 265*g - 263*g + 13718, 4*p - 10975 = g. What is the highest common factor of p and 8?
8
Suppose 6*h + 32*h + 4174 = 251554. Calculate the highest common factor of 31 and h.
31
Let v = -28 + 116. Let m = -43002 - -43079. Calculate the highest common factor of v and m.
11
Let u be (-6 - (-124)/12)/((-2)/(-6)). Suppose -15*y + u*y + 24 = 0. Calculate the greatest common factor of 156 and y.
12
Suppose -49 = 5*l - 14. Let p be (1/3)/(l/(-777)). Let j = -27 + p. What is the highest common factor of 110 and j?
10
Let l = -3552 - -4857. Calculate the greatest common divisor of 87 and l.
87
Let h(i) = 3*i**3 - 12*i**2 + 2*i + 10. Let p be h(5). Let c = -170 + 227. What is the highest common divisor of c and p?
19
Let r = -175 - -82. Let u = 2803 - 2659. Let a = u + r. Calculate the highest common factor of a and 459.
51
Suppose -35*k = -36768 - 71767. What is the greatest common factor of k and 7?
7
Suppose -282*a + 281*a - 649 = 0. Let c = a - -734. Calculate the greatest common divisor of 221 and c.
17
Let w be ((-1620)/(-225))/((-2)/(-385)). What is the greatest common divisor of 66 and w?
66
Suppose -17*y + 96*y = 3871. What is the highest common factor of y and 833?
49
Let u = -257 + 293. Suppose 2*w = v - 3*w - 277, 0 = v + 4*w - 232. Calculate the greatest common divisor of v and u.
36
Suppose -5*r = j + 3 + 6, -j + 5*r + 11 = 0. Suppose 18*l = 433 - j. Calculate the highest common divisor of l and 264.
24
Let h = -284 - 63. Let a = 212 + h. Let c = a - -137. Calculate the greatest common factor of 2 and c.
2
Suppose 24 - 49 = -5*w. Suppose -50 = -w*a - 3*g, -4*g = -6*a + a + 50. Let r = -5 + 15. Calculate the greatest common factor of r and a.
10
Suppose -5*x + 26*m - 29*m = -16, x + 5*m = 12. Suppose 5*r + 3 - x = u, -2*u + 37 = -3*r. What is the greatest common divisor of u and 286?
26
Let k = 613 - 524. Suppose k*y - 7200 = 57*y. Calculate the highest common factor of 60 and y.
15
Let v(n) = -4*n**3 + 7*n**2 + 3*n - 1. Suppose -2*w + 2*q + 13 = 1, 16 = 4*w - 2*q. Let i be v(w). Calculate the highest common divisor of i and 19.
1
Suppose 24*d - 7620 = -103*d. Calculate the highest common factor of d and 324.
12
Suppose 4*c + 2*o - 264 = -0*o, 5*c - 303 = 2*o. What is the greatest common factor of 28 and c?
7
Suppose -4*b - 640 = b. Let a = b + 264. Let t = -1371 + 1388. What is the greatest common divisor of a and t?
17
Suppose 0 = 3*v + 4*j + 1 + 5, 4*v - 11 = j. Let y(z) = -6*z + 2*z + 74*z**3 + 0*z - 4. Let w be y(v). Calculate the greatest common divisor of 58 and w.
58
Let s = 550 + -209. Let l = 525 - s. Calculate the greatest common divisor of l and 23.
23
Let p = 2430 - 2397. Let b = 0 + 4. Suppose -57 = b*r - 145. What is the highest common factor of p and r?
11
Let u(i) = 44*i**2 - 340*i + 24. Let k be u(8). Calculate the highest common divisor of 45000 and k.
120
Suppose 1207 = 575*g - 571*g + 3*s, g + s = 301. What is the highest common factor of g and 432?
16
Let w be 11920/5 - (-50)/5. Calculate the greatest common factor of w and 252.
126
Let p be (124*3/18)/(16/7056). What is the greatest common factor of 28 and p?
14
Suppose 83 - 35 = 4*q. Suppose -3*r - r + q = 0. Suppose 5*u - 9*u = 5*d - 185, r*u = 3*d + 132. Calculate the highest common factor of u and 135.
45
Let g = -294 + 295. Let d be -7 + (4 - g) - -344. Calculate the greatest common divisor of 20 and d.
20
Let u be ((-32)/96)/((-31)/30 + 1). Let y(x) = -4*x**2 + 51*x - 14. Let g be y(u). Calculate the highest common factor of 40 and g.
8
Let u = -1203 - -2240. Suppose -4*a + u = -5*b - 120, -4*a - b = -1151. What is the greatest common factor of 8 and a?
8
Let u(v) = -5*v**3 + 25*v**2 + 113*v. Let d be u(-6). Calculate the highest common divisor of 1488 and d.
186
Let y = 15 + 5. Suppose 3*c + 40*j - 262 = 36*j, -4*c + 5*j = -370. Calculate the highest common factor of y and c.
10
Let d = 52 + -51. Let m be 5 + d - (7 + -3) - 4. Let v be (10 - 12)/(m + (-16)/(-9)). What is the highest common factor of v and 45?
9
Suppose -5*r - x = -21, 3*r + 3 = -5*x - 2. Let p(w) = w**2 + 5*w - 20. Let t be p(r). Let c = 55 - t. Calculate the greatest common divisor of c and 225.
25
Suppose 0 = 109*f - 22*f - 71775. Calculate the highest common factor of f and 375.
75
Suppose 6*v + 315 = 27*v. What is the highest common divisor of v and 1060?
5
Suppose 0 = -2*p - 2*d + 16, -17*p + 3*d - 3 = -13*p. Suppose 1 - 37 = -p*r. Suppose 0 = -5*c - 17 + 437. Calculate the greatest common divisor of c and r.
12
Suppose -8 = 60*m - 59*m. Let u be m/14 + (-7 - (-1000)/35). What is the greatest common divisor of u and 12?
3
Let s = 121 - 118. Suppose s*f - 24 = -4*l, -8 = -8*f + 9*f - 4*l. What is the highest common divisor of 4 and f?
4
Suppose 3*r = 5*p + 10, 8*r - 5*r + 2*p + 4 = 0. Suppose r = 2*z - 2, -2*z + 8 + 18 = 4*l. Calculate the highest common factor of 3 and l.
3
Let m = 35 + -33. Suppose 6*z - z + v = 851, -m = -2*v. Calculate the highest common factor of z and 85.
85
Let m = 51 - 55. Let x(a) = -2*a**2 - 2*a + 10. Let u be x(m). Let y be 8/16*0/(-1) - u. What is the greatest common factor of y and 28?
14
Suppose -5*y - 5*h = -5015, 3*y = -23*h + 19*h + 3005. Calculate the greatest common factor of y and 95.
19
Suppose -2*v + 238 = 2*f, 2*v - 16*f - 238 = -17*f. Suppose 3*q + 44 = 5*h, -h - 2*q - 20 = -3*h. Calculate the greatest common divisor of h and v.
7
Suppose 2*b - f + 4 = 72, -f - 170 = -5*b. Let m = 918 + -714. Suppose -205*t + m = -202*t. Calculate the highest common divisor of t and b.
34
Suppose 90*d = -d + 115024. Calculate the greatest common divisor of 237 and d.
79
Let g be 26/(-1) - (0 + -1). Let t = 3797 - 3763. Let x = g + t. Calculate the highest common factor of 99 and x.
9
Suppose -43 = -3*v - 31. Suppose 0 = -v*r - 109 + 409. What is the highest common divisor of r and 90?
15
Suppose -h + 2*y + 9 = 0, h + h + 2*y = 12. Suppose 2*j = 2*v + 106, 3*j - h*j + 194 = 5*v. Let k = -243 - -260. What is the greatest common divisor of k and j?
17
Let n = -1103 + 1728. What is the greatest common factor of 325 and n?
25
Suppose 4*c - 11189 + 2301 = -4*z, 3*c - 6652 = -z. What is the highest common factor of c and 10?
5
Let k be (8/3)/(12/18). Suppose 13*w - 126 = k*w. What is the highest common divisor of 35 and w?
7
Suppose 0 = -4*x - 285 + 199 + 758. What is the greatest common divisor of x and 4812?
12
Let t = 92 - 88. Suppose 1022 = -c + 1122. What is the highest common divisor of c and t?
4
Let g(w) be the first derivative of w**3/3 + 45*w**2/2 + 270*w + 254. Let a be g(-39). Calculate the greatest common divisor of a and 252.
36
Suppose -2702*y = -2683*y - 1748. What is the greatest common divisor of 148 and y?
4
Suppose -28*w = 29 + 34 - 91. Calculate the highest common factor of 14 and w.
1
Suppose 3*c - 468 = 4*x - 621, x + 2*c = 19. What is the greatest common divisor of x and 5577?
33
Let f be (6/(-8))/((-210)/(-56) + -4). Let g be (1287/(-66))/(f/(-4)). Calculate the greatest common factor of 962 and g.
26
Let k(y) = 71*y + 5441. Let l be k(156). Calculate the highest common divisor of l and 249.
83
Suppose 0*n + 4*n - 28 = 0. Let w be (-506 + -1)/(-13) - 18. What is the greatest common divisor of w and n?
7
Let n(j) = -j**3 + 23*j**2 - 2*j - 545. Let d be n(20). What is the highest common divisor of d and 15?
15
Let n(z) = z**2 + 41*z - 552. Let j be n(-54). Calculate the greatest common factor of 3675 and j.
75
Suppose -77*w + 300 = -62*w. Let o be (17/((-170)/(-8)))/(4/w). Calculate the highest common divisor of o and 38.
2
Let h be 2 + (-370)/9 - (-1)/9. Let q(n) = -n**2 - 40*n - 9. Let k be q(h). What is the highest common factor of 75 and k?
15
Let a(n) = n**3 + 19*n**2 + 88*n + 129. Let g be a(-12). What is the highest common divisor of 3303 and g?
9
Suppose -2*y = 5*j - 357, 0 = 2*y + y - 2*j - 52